se 0 = p*z - 3*z - 5*v - 43279, -v + 86591 = 4*z. Is z a composite number?
False
Suppose 2*m - 2*b = -0*m + 22, 0 = -2*m - 4*b - 8. Let p be 9 - 1*m*5/10. Let k(q) = 39*q + 20. Is k(p) a composite number?
True
Let m = -36 - -42. Let n(f) = -5 + 1 + 3*f**2 - 6*f - 3. Is n(m) prime?
False
Suppose 11*q - 168 = 10*q. Let y be ((q/(-20))/7)/(6/(-20)). Is ((-2)/y)/(14/(-46396)) composite?
False
Let k(w) = 393*w**2 + 82*w - 841. Is k(14) composite?
True
Suppose 2*n = -2*j + 633270, 152*j = 150*j + 5*n + 633256. Is j prime?
True
Let r be 21/14*146/3. Suppose -l = 4*l - x - r, -2*x = 6. Suppose -6711 + 1517 = -l*s. Is s composite?
True
Is 1 - (-12094)/18 - (160/45)/(-32) composite?
False
Let q be ((-6)/5)/(12/(-80)). Suppose 9191 = -x + q*x. Is x prime?
False
Suppose -8*n - 438 = -2*n. Let f = -70 - n. Suppose -f*s - 5*m = -1864, 3*m - 3114 = -5*s + 2*m. Is s composite?
True
Is (0 - (-1 - -1 - -4)) + (0 - -128151) a prime number?
True
Is 36217*4/(-40)*-10 composite?
False
Suppose -5*k - 2*z + 7*z + 35885 = 0, -4*k = 3*z - 28729. Suppose 135*p + 5385 = 3*i + 134*p, 3*p - k = -4*i. Is i prime?
False
Suppose 0 = 5*j - 5*t - 47819 - 827131, t = -4*j + 699955. Is j composite?
False
Suppose -17*x - 5*x = -176. Suppose -61087 = -5*w - x*w. Is w composite?
True
Let i(v) be the third derivative of 105*v**4/8 + 136*v**3/3 - 2*v**2 - 10. Is i(17) a composite number?
True
Suppose 27*c - 1902356 = -49*c. Is c a composite number?
False
Let h(x) = -5*x**3 - 2*x**2 - 3*x - 4. Let w be h(-3). Suppose w = s + 448. Is s*(-3 + 15/6) a composite number?
False
Let u(w) = 43*w + 352. Let l be u(-8). Suppose -6414 = l*p - 69670. Is p prime?
True
Let j = 2827 - 5813. Let h = j + 1199. Let f = 2634 - h. Is f composite?
False
Suppose -2*z + 2*n = -146, 155 = 2*z - 3*n + 4*n. Suppose -71*f + z*f = 215. Is f a prime number?
True
Let q be -3 - ((-50)/15)/(1/(-267)). Let g = 1787 + q. Is (-1)/(18/g)*(-4 + 1) a composite number?
False
Let a = 19 + -7. Let s = -2 + a. Is s*(1 - 222/(-4)) a composite number?
True
Let j be (-7 - -6) + 6/(2 + -1). Suppose 2*l + 2194 = -j*a, l + 1111 = -3*a + 15. Let s = -549 - l. Is s a prime number?
False
Let t be (0 - -10603) + (1 - (0 + -3)). Let f = t + -4266. Is f a prime number?
False
Let n = -7 - -11. Suppose 3*l = 5*w - 287, -2*w = w - n*l - 181. Is w a prime number?
False
Suppose 3*q = 2*n + 14554, -4*q = -9*q - n + 24274. Suppose 7*z = q + 9419. Is z prime?
True
Suppose 0 = -2*w + g + 81309 - 29908, 3*w - 77104 = g. Is w a prime number?
True
Suppose 0*y = -y. Suppose y = -3*h + 760 + 239. Let s = 472 - h. Is s a prime number?
True
Let d be ((-1326)/(-4))/(93/62). Let m = -23 - -195. Let i = d + m. Is i composite?
True
Let o be (1292/3)/(24/612). Suppose -5*z = 3*a + 2*a - 27425, o = 2*a - z. Is a a composite number?
True
Let l(q) = 26*q**2 - 12*q + 6. Let k be l(10). Suppose -m + 621 = x, 5*x + 3*m = x + k. Is x a composite number?
True
Let i = -285785 + 845328. Is i a composite number?
True
Let b(g) = g**3 - 12*g**2 - 29*g + 23. Let i be b(13). Let y = -304 - i. Let x = 132 + y. Is x a composite number?
False
Suppose 8*r - 100888 = -29360. Suppose 7*l - 25030 = r. Is l prime?
False
Let i(d) be the third derivative of -d**6/120 + d**5/3 - 17*d**4/24 - 35*d**3/6 - 6*d**2 - 3. Is i(18) a prime number?
True
Let a = 6240 - 10632. Let j = -8831 - -6568. Let v = j - a. Is v a composite number?
False
Suppose -18*x + 2434360 = 22*x. Is x composite?
False
Is 314761/(-2)*(8 + -7 + 5 + -8) a prime number?
True
Let q = -32 + 49. Suppose 11*d + 1200 = q*d. Let s = 741 - d. Is s prime?
True
Suppose 35*q - 27 = 34*q. Suppose -q*f + 260492 = 19571. Is f a composite number?
False
Let c(q) = 3626*q**2 + 26*q - 107. Is c(4) a composite number?
False
Let i(o) = 7265*o**2 + 50*o - 29. Is i(-4) composite?
True
Let j(k) = 2*k**3 - 19*k**2 - 7*k - 24. Let f be j(10). Let z(q) = 2*q**3 + 6*q**2 - 19*q + 1. Is z(f) composite?
True
Let v(l) = 87*l**2 + 35*l - 373. Is v(-41) a composite number?
False
Let p be -2 + (-1 - -2 - -3). Let f(t) = -3 + 5*t + 1 + 6*t**p + 2. Is f(-2) a prime number?
False
Let k = -218 - -229. Suppose k*j = 18*j - 4445. Is j a prime number?
False
Suppose -9*u - 33 = -12*u. Is 11/(u/608) - -5 composite?
False
Let x(j) = -9237*j - 33. Let m be x(-15). Let c(k) = 17*k**2 - 2. Let d be c(-2). Is m/d - (-4)/22 a composite number?
False
Let v(k) = -k**2 - k + 1. Let s(p) = 2*p**2 + 20*p - 3. Let o(j) = -s(j) - 4*v(j). Is o(-12) composite?
False
Let y = 60 + -54. Suppose w + 3 = i - 1, 2*i - y = 0. Is -5 - 0 - -3 - w*253 a composite number?
False
Let x(q) = 729*q**2 - 34*q + 492. Is x(23) prime?
True
Let m be 3 + (5 - 2) - (4 + -7). Is (1 - -7560) + (-7 - (4 - m)) composite?
False
Let s(u) = u + 5 - 35*u**3 - 288*u**3 + 1 - 5. Suppose 29 - 18 = -11*m. Is s(m) a prime number?
False
Let a(l) be the second derivative of 3*l**4/4 + 17*l**3/6 + 15*l**2/2 + 67*l - 1. Is a(29) a prime number?
False
Let b(d) = 13*d**2 + 11*d - 25. Let l(i) = 39*i**2 + 34*i - 76. Let o(k) = -11*b(k) + 4*l(k). Is o(11) a prime number?
True
Let o = 3 + 8. Suppose 8*i + 5 = -o. Is i/10 + 2624/20 composite?
False
Let q = 245397 - 93214. Is q a prime number?
True
Let f(v) be the third derivative of -v**5/60 - 5*v**4/8 + v**3 + 46*v**2. Let y be f(-15). Suppose -6*h = y*h - 696. Is h composite?
True
Let o(h) = 22997*h - 66. Is o(1) composite?
True
Let b = -36946 + 62079. Is b a prime number?
False
Let o(a) be the third derivative of 173*a**5/60 + a**4/3 + 5*a**3/6 - 15*a**2 + 1. Is o(-6) composite?
True
Let z = 5311643 + -1921032. Is z a prime number?
False
Suppose 0 = 67*k - 2108969 + 323352. Is k a prime number?
False
Let x = -43 + 45. Suppose w = -2*z - 1 + 16, 0 = -w + x*z - 5. Is 488 + -3 - (-10)/w a prime number?
True
Is (-64)/(-1536) + 6046535/24 a composite number?
False
Suppose -13*h = -17*h - 3*y + 131651, y = -4*h + 131641. Is h prime?
True
Let g be ((-316)/(-6))/(4/6). Suppose 14*f - g = -9. Suppose -2 = 2*n, -3020 = -2*c + 3*n - f*n. Is c a prime number?
True
Suppose -4*z - 5*k + 34006 = 0, -78*z + 4*k = -76*z - 17042. Is z composite?
True
Is (2 + (45/6)/(-5))*22052/2 a prime number?
False
Suppose 1549484 = 4*j - 5*k, 0 = 3*j + 35*k - 34*k - 1162113. Is j composite?
False
Suppose 3*i + z = 14057, -4109 = -i - 2*z + 580. Is i a prime number?
False
Let a = 6185438 + -3159021. Is a a composite number?
False
Let l(a) = -5*a**3 - 65*a**2 - 1151*a - 88. Is l(-31) prime?
False
Let c(s) = -2*s**2 + 7*s - s**2 - 4 - 9*s + 4*s**2. Let j be c(-4). Is 2/5 + 0 + 10652/j prime?
False
Is (756436 + -4)/6 - -1 a prime number?
False
Suppose -5*l + 73606 = 4*j, -5*j + 4*l + 85149 + 6838 = 0. Is j composite?
True
Let q be 63/(-6)*(-8)/12. Is -1399*((-49)/7)/q composite?
False
Let t = 1793 - -168. Let n = 4418 + t. Is n prime?
True
Let o(i) be the second derivative of i**6/180 - 5*i**5/24 - 11*i**4/24 + 2*i**3/3 + 5*i. Let g(t) be the second derivative of o(t). Is g(-18) composite?
False
Let x(c) = -35 + 83*c - 46*c + 16*c**2 - 67*c. Is x(-17) prime?
True
Suppose 9*h + 32980 = 13*h. Let k = h - -4732. Is k a composite number?
True
Let h = -11911 - -20032. Is h prime?
False
Let i(v) = -7*v**2 - 13*v - 5. Let d be i(-7). Let x = -36 - d. Is x prime?
False
Suppose 2*b - 1124 = 2*z + 406, 0 = 2*z - b + 1533. Let r = 2915 - z. Is r composite?
True
Suppose -2*b + 126594 = 5*a - 310150, 3*b = -a + 655077. Is b composite?
False
Let g(p) = 33*p + 18*p - 7 + 14 - 6 + 3. Let a = -8 + 13. Is g(a) prime?
False
Suppose 0*a = a. Suppose -5*f + t + 779 = 0, a*t - 3*t - 787 = -5*f. Let n = 442 - f. Is n prime?
False
Let t = -2645 - -4609. Suppose 93*h = 97*h - t. Is h a prime number?
True
Let x = -3562 - -7730. Let y = x + -1041. Is y composite?
True
Suppose -1878*o + 1877*o + 433412 = -2*l, -5*o + 4*l = -2167042. Is o prime?
False
Let x = 18136 + 121801. Is x a composite number?
True
Let p(v) = 86*v**2 + 22*v + 427. Is p(-17) composite?
False
Let b = 2819025 - 1746292. Is b a composite number?
False
Suppose 3*x = p - 96301 - 60198, 4*p = -5*x + 625928. Is p a composite number?
False
Let y(n) be the first derivative of 11*n**4/6 - 43*n**3/6 + 19*n**2/2 - 14. Let f(a) be the second derivative of y(a). Is f(18) a composite number?
True
Let t be 7677 - (-36)/(1 + 5). Suppose 26*y - 13*y - t = 0. Is y prime?
